2 + 4*i + 5. What is the tens digit of q(t)?
2
Suppose 2*h + 4 = -2*t, -5*t + h = -6 - 2. What is the thousands digit of t/((-7)/(-55321)*7)?
1
Suppose 2 = 5*k - 88. Suppose 0 = 32*b - 30*b - k. Suppose b*i + 652 = 3*n + 4*i, 3*n - 637 = 2*i. What is the hundreds digit of n?
2
Let w(u) = 5*u**2 - 3*u + 4. Let p be w(1). Suppose -5*d = -j - p, 0*j = 5*j - 4*d - 12. What is the tens digit of (j/8)/(1/(-4)) + 45?
4
Let j = 5008 + 2350. What is the hundreds digit of j?
3
Let j(r) = r**3 - 13*r**2 - 10*r + 59. Let q be j(12). What is the hundreds digit of (11/1)/((-210)/q + -1)?
4
Suppose 4*g = 5*n + 72587, -122*g + 72617 = -118*g + n. What is the units digit of g?
3
What is the hundreds digit of 5416 + -4 + 4 - (5 + 10)/3?
4
Let i = -3682 + 3770. Suppose 2*t - 4 = -0*t. Suppose -i = -w - 2*d, -w - t*d = -d - 83. What is the units digit of w?
8
Suppose 5*k - 4600 = 5*j + 1590, 2*k + 3*j = 2496. Let p = k - 841. What is the units digit of p?
1
Let v be 87/29 + (-2)/(1 + -3). Suppose 1805 + 263 = v*p. What is the tens digit of p?
1
Let p be 408 + -2 + (-3 + 3)/4. Let q = -156 + p. What is the tens digit of q?
5
Let t(o) = -67*o**2 - 19*o - 5. Let c(i) = -i**2 - 2*i - 1. Let y(l) = 6*c(l) - t(l). What is the hundreds digit of y(3)?
5
Let g(w) = -3*w + 3. Let h be g(0). Suppose j + h*i = -15, -10 = -0*j + 4*j + 2*i. Suppose 9*z - 203 - 328 = j. What is the units digit of z?
9
Let t(r) = -6*r + 30. Let v be t(-9). Let d be (-3)/(-7) - 1716/v. Let q = 31 - d. What is the units digit of q?
1
Let m(s) = -s**3 + 8*s**2 + 10*s - 7. Let o be m(9). Suppose 3*x + 5 = 5*k, o*k - 4*k + 18 = 2*x. Suppose 422 = x*q - 93. What is the tens digit of q?
0
Let a(f) = 3*f - 20. Let v be (-10)/(-1) - (-1 + 3). Let p be a(v). Suppose -p*x + t = -t - 50, -5*t = -x + 8. What is the tens digit of x?
1
Let i be ((-28)/(-98))/((-116)/(-56) - 2). What is the thousands digit of ((-148)/185)/(i/(-6230))?
1
Suppose -32*g = -38*g + 492. Let f be -3*6/15*5. Let w = f + g. What is the units digit of w?
6
Let f = -823 + 1863. What is the thousands digit of f?
1
Let w(f) = -17868*f - 237. What is the units digit of w(-4)?
5
Let g(s) be the second derivative of -s**5/20 - 7*s**4/12 - 2*s**3 - 5*s**2/2 + 15*s. Let f be g(-5). Suppose -318 - 122 = -f*v. What is the units digit of v?
8
Suppose 11 = 3*h + 5*m, -9 = -4*h + 3*m - 4. Let g be (-8827)/(-52) - ((-7)/(-4) - h). Suppose -12*v - g = -14*v. What is the units digit of v?
5
Suppose 8*b - 33 = 5*b. Suppose -1 = 2*r - b. Suppose -3*d = -t + 5*t - 225, 4*d - r*t - 331 = 0. What is the tens digit of d?
7
Let z be (-4*15/24)/((-2)/4). Suppose 4*g - 2*g + 10 = -z*y, 3*y = -2*g - 2. Suppose 186 = o + g*o. What is the units digit of o?
1
Suppose k - 29551 = -6*a, -5*k - 72*a + 147755 = -77*a. What is the thousands digit of k?
9
Let c(n) be the third derivative of 30*n**3 - n**4 - 37*n**3 + 18*n**2 - 2*n**2. What is the tens digit of c(-6)?
0
Let o be (21/9 + -4)*-3. Suppose o*q + 0 = -5. What is the tens digit of ((-336)/20)/(q/5)?
8
Let u(j) = -11*j**3 - 5*j**2 - 7*j + 3. Let i(s) = 34*s**3 + 14*s**2 + 20*s - 8. Let a(y) = -3*i(y) - 8*u(y). What is the hundreds digit of a(-2)?
1
Let v = -8895 - -11072. What is the thousands digit of v?
2
Suppose 1759 + 2765 = j. Suppose -j = 45*r - 51*r. What is the tens digit of r?
5
Let v be 0 + 120 - (9 - 7). Suppose -20*m + 18*m = -v. Suppose -8*d - m = -9*d. What is the units digit of d?
9
Suppose 5*u - 3371 = -3*t + 1799, t - 1735 = -4*u. Suppose 0 = -3*z + t - 215. What is the units digit of z?
0
Let p be (2 - 1) + 6 + -12. Let d(y) = -3*y - 12. Let h be d(p). Suppose -h*g = -79 - 206. What is the tens digit of g?
9
Suppose 16*a = 4*r + 11*a - 35, -a = 3*r - 12. Suppose -2*y + 3*c = -125, 12 = -y - r*c + 107. What is the units digit of y?
0
Let q(n) = n**2 + 33*n - 28. Let u be q(-35). What is the hundreds digit of 45584/u - 2/18*3?
0
Suppose 5*x = -5, 0*t - 5*x + 9 = 2*t. Suppose -o - o = t*o. What is the tens digit of 223 + 6/(-2 + o)?
2
Let d = -484 - -486. Suppose d*v + 1472 = 4*v + 5*p, -3*v + 2208 = p. What is the hundreds digit of v?
7
Suppose 0 = 7*v - 4*v + 12. Let u(w) = -121*w - 4. Let r(p) = 38*p + 1. Let q(x) = -10*r(x) - 3*u(x). What is the units digit of q(v)?
0
Let q = 61266 - 39759. What is the thousands digit of q?
1
Suppose 5 = -2*c + 23. Suppose -c*t = -3*t - 72. Suppose -k = -t + 2. What is the tens digit of k?
1
Let z = -34970 + 56719. What is the tens digit of z?
4
Let k(q) = 816*q**2 - 7*q - 8. What is the tens digit of k(-1)?
1
Suppose 784 = 4*q - h, 5*h + 0*h + 177 = q. Let g(o) = 2*o**3 - 8*o**2 + 13*o - 15. Let r be g(7). Let v = r - q. What is the hundreds digit of v?
1
Suppose -2*y + 646 = -3*a, 4*a = -3*y + 3*a + 958. Suppose y*p - 335*p = -22785. What is the units digit of p?
9
Let w = -3052 + 1842. Let y = 1707 + w. What is the hundreds digit of y?
4
Let n = 19623 + -7048. What is the tens digit of n?
7
Let d(k) = -k**3 - 62*k + 61*k - 7*k**2 + 7*k**2. Let r be d(0). Suppose r = 17*t - 15*t - 442. What is the tens digit of t?
2
Suppose -620 = -42*p + 40*p. Suppose -t + p = -3*d, -1550 = t - 6*t - 4*d. Suppose t = 6*f - 218. What is the tens digit of f?
8
Let l(i) = -268*i**2 - 20*i - 20. Let a be l(-1). Let u = a - -531. What is the units digit of u?
3
Let x(t) = 25*t - 3. Let p be 28 - -3 - (1 - 0). Let l be 85/p + (-2)/(-12). What is the units digit of x(l)?
2
What is the hundreds digit of -79384*(36/(-21) + 60/84)?
3
Suppose 3*i = p + 17432 - 1676, 0 = -i + 5*p + 5238. What is the units digit of i?
3
Suppose -4*b - 5*p + 11 = -4, 0 = -b + 5*p - 15. Suppose 2*y + 46 + 10 = b. Let a = -26 - y. What is the units digit of a?
2
Let i = -1271 + 13068. What is the units digit of i?
7
Let x(r) = 560*r**3 + 3*r**2 - 2. What is the units digit of x(2)?
0
Let m be (5 - 5 - -304) + 4. Let d = -412 + 764. Suppose -5*s + m = -d. What is the tens digit of s?
3
Suppose -3*s = 2*u - 3788, -4*s - 79 = -71. What is the thousands digit of u?
1
Suppose -403470 = 1189*b - 1219*b. What is the hundreds digit of b?
4
Let q(n) = 8 + 12 + 102*n**2 + 51*n**2 - 43*n**2 + 23*n. What is the hundreds digit of q(-3)?
9
Suppose -5*h = -9*h. Let k be (h - -15)*42/(-70). Let y = 16 + k. What is the units digit of y?
7
Let m(x) = x**2 + 16*x + 20. Let u be m(-14). Let v be 6/(-2)*u/(-12). Let p = 32 + v. What is the units digit of p?
0
Let y = 55 + -50. Suppose y*z = 7*z - 420. Let m = 295 - z. What is the tens digit of m?
8
Let n = -13042 + 33499. What is the thousands digit of n?
0
Let i(t) = -2*t**2 + 25*t + 65. Let n(p) = -p**2 + 13*p + 33. Let a(l) = -3*i(l) + 5*n(l). Let h be a(-4). Let k(v) = 3*v + 2. What is the units digit of k(h)?
0
Let p(v) be the first derivative of -1/4*v**4 + 26 + 16*v + 35/2*v**2 + 14/3*v**3. What is the tens digit of p(16)?
6
Suppose -229027 = -45*f + 80078. What is the units digit of f?
9
Let v(i) be the second derivative of 5*i**4/2 - 8*i**3/3 + 15*i**2 + 157*i. What is the tens digit of v(6)?
1
Suppose -331425 = -163*a + 125790. What is the hundreds digit of a?
8
Suppose -355*t - 350*t = -696*t - 160119. What is the hundreds digit of t?
7
Let d(v) = -v**2 - 6*v + 20. Suppose 0 = 7*x + 26 + 9. What is the tens digit of d(x)?
2
Let u(q) = 268*q**2 - 10*q + 78. Let a be u(15). What is the units digit of a/135 - (-2)/(-15)?
6
Let x(k) = k**2 - 4*k - 22. Let z(u) = 2*u**2 - 5*u - 23. Let a(h) = -3*x(h) + 2*z(h). Suppose 60*g + 412 = -428. What is the hundreds digit of a(g)?
1
Let v be ((-424)/(-14))/4 + 6/14. What is the units digit of 3800/v + (-2)/2?
4
Suppose 0 = 2*w + 3*c - 7, 5*c = 1 + 4. Suppose 0 = -5*m + 3*o + 117, 3*m - 5 = -w*o + 50. What is the units digit of m?
1
Let k(w) = 1141*w**2 + 47*w + 293. What is the hundreds digit of k(-4)?
3
Let m(g) = 7*g - 3. Let a be m(2). Let i(s) = 5*s**3 - 9*s**2 + 3*s + 9. Let d(v) = v**3 + 7*v + 1. Let p(c) = 4*d(c) - i(c). What is the units digit of p(a)?
8
Suppose -3*k = 3*a - 18 - 6, -46 = -5*a + k. Suppose 0 = 4*j + u - a, 4*u - 11 = -3*j - u. What is the units digit of (4 - 3 - 1) + 64/j?
2
Suppose 21*o - 105 = 18*o. Suppose v = -3*t - 0*t + o, -4*t - v + 45 = 0. What is the units digit of t?
0
Suppose 227*w - 34*w - 87*w - 2582796 = 0. What is the ten thousands digit of w?
2
Suppose 42*t - 4*p = 40*t + 83244, -2*t 